q) - 2*i(q). Let r be (-57)/12 - (-1)/(-4). Is o(r) a prime number?
False
Suppose 0 = -4*a + 2*w + 12, -2*a = -5*w - 29 + 7. Is (-10)/((-30)/9)*(a - -396) prime?
False
Let p(s) = 2*s**3 - 66*s**2 + 20*s + 1. Is p(36) a prime number?
False
Let m = 11 + 6. Let i = -15 + m. Suppose -l + i*l + 3 = 0, 147 = 3*h + 4*l. Is h a prime number?
True
Let d(l) = 12680*l**2 + 10*l + 9. Is d(-1) a composite number?
True
Let f be (-26)/((70/(-15))/(-7)). Is (-18928)/f + (-2)/6 composite?
True
Suppose 0 = 3*s + h + 25168, 2*s + 0*h = 3*h - 16797. Let q = 12038 + s. Is q composite?
True
Let v be (4/6)/(7 - 3338/477). Suppose -3*t - v = -3*a + 126, 5*t = -2*a + 275. Is a prime?
False
Suppose 6*j - 53173 - 2657 = 0. Is j prime?
False
Let h = 2 - 3. Let g(p) = 0 - 96*p - 11 + 9. Is g(h) prime?
False
Let v(n) = -2*n**3 - 12*n**2 - 6*n + 3. Let k be v(-6). Let w be (k/(-52))/((-1)/16). Let l(p) = 7*p - 17. Is l(w) a composite number?
False
Let k(i) be the first derivative of 8*i**3/3 + 6*i**2 - 3*i + 18. Is k(10) composite?
True
Let z be (4/(-5))/(4/(-40)). Suppose 3*a - z*a = -20. Suppose 4*s - 25 = 3*d, a*s - 1 - 14 = 5*d. Is s a prime number?
False
Let t(a) = -a**2 - 12 + 24*a + 15*a - 13*a - 13. Is t(18) composite?
True
Suppose -28*l = 8*l - 115740. Is l a prime number?
False
Let l(y) = 8*y**2 + y**3 - 4*y**2 - 3*y**2 - 11*y**2. Let h be l(10). Suppose h = 4*z - 70 - 190. Is z a prime number?
False
Let q = -52 + 12. Let m = -19 - q. Is m a composite number?
True
Suppose 27*h - 291898 - 24515 = 0. Is h composite?
False
Let l be -2 - ((-18)/2)/3. Is -1 + l - (-5)/(-5)*-19 composite?
False
Suppose -3*i + 424 = r, 0 = -2*r - i + 354 + 469. Is r composite?
False
Let c(a) be the third derivative of -185*a**4/12 - 3*a**3/2 - 30*a**2. Is c(-4) a prime number?
True
Suppose -d + 20 = -3*q, d - 3*q = -4*q. Let n(y) = 2*y**2 - 10*y + 4. Let i be n(d). Suppose 0 = i*a - 698 + 46. Is a a composite number?
False
Is -5*(-7)/105*702 - -5 composite?
False
Let d(w) = 9*w**2 - 5*w + 37. Is d(7) a prime number?
True
Suppose p = -v + 3, -1 = 2*v - 7. Let u be -6 + (-6 - -10) + 2. Suppose u*t + 5*t - 290 = p. Is t a composite number?
True
Let a be -2 - -6 - (-3 + 4). Suppose -a*g + 645 = -213. Suppose h = -3*p + 176, h - 3*h - g = -5*p. Is p prime?
False
Let k(r) = -2*r**2 - 6*r - 5. Let p be k(-6). Let g = p + 73. Suppose 4*v = 3*f + g, -3*f + 6 = -6. Is v a composite number?
False
Is (3 + 2)/((-5)/(-2671)) a prime number?
True
Let q(y) = y**3 + 8*y**2 + 4*y - 6. Let d be q(-7). Let r be (2 - 38)/(-12) + (-332)/(-2). Suppose 0 = -16*v + d*v + r. Is v composite?
True
Let t(w) = -w + w**2 - w - 5 + 2 - 3*w**2. Let z be t(-2). Let p(v) = v**3 + 7*v**2 - 2*v - 8. Is p(z) prime?
False
Suppose 11 = 5*m - 9. Suppose -m*g + 3*q + 78 = -2*q, g + 5*q - 32 = 0. Is g composite?
True
Suppose -710 = w - 2*w. Suppose 0 = 4*s - w - 94. Is s composite?
True
Suppose 0 = r - 3*r. Suppose 4*h + b - 15 = r, 4*b = -0*h - 2*h + 4. Suppose 0 = -h*j + 213 + 551. Is j a composite number?
False
Suppose -j + h + 72738 = 0, -j - 2*h + 44700 + 28035 = 0. Is j a prime number?
False
Let r(n) = -n**2 + 2*n + 4. Let w be r(4). Let u be (-1 - -6)*w/(-5). Is 1245/21 + u/(-14) composite?
False
Suppose 0 = -4*y - l - l - 372, 0 = 4*y - 4*l + 360. Let x be (-1166 + 0)*(-1)/2. Let n = x + y. Is n a composite number?
False
Suppose -3*o + 51443 = 5*z, 2*o = -2*z - z + 34294. Is o composite?
True
Suppose -38717 - 103032 = -23*p. Is p composite?
False
Let d = -18 - -24. Suppose 0 = -d*c - 1768 + 13546. Is c a composite number?
True
Let y(d) = 3*d**2 + 3*d - 1. Let k = 10 + -4. Suppose -2*j = -k - 4. Is y(j) a composite number?
False
Let k be 105/20 + (-2)/8. Suppose k*a - 1260 = -4*r, 1017 = -4*a + 8*a + 5*r. Suppose a + 545 = 5*g - 2*u, -5*g + u + 794 = 0. Is g a prime number?
False
Let x(d) = 4003*d**2 + 5*d - 3. Let h be x(4). Suppose -3*c + h = 12*c. Is c a prime number?
True
Let v(h) = -6*h + 3*h + 200*h**2 - 49*h**2 + 357*h**2. Is v(-1) a composite number?
True
Let n(i) = 72 - 63 + 2*i**2 + 3*i + 2*i + i. Is n(7) prime?
True
Let p be (8630/25)/((-5)/50). Is p/(-8)*5*2 composite?
True
Suppose -3*g = 2*g + 6315. Let q = g - -2234. Is q a prime number?
True
Let d(k) = -k**3 + 12*k**2 - 7*k - 8. Suppose -2*u + 5 = -7. Let l be d(u). Let h = 345 + l. Is h a prime number?
False
Let f be (16/(-12))/((-2)/3). Is (-5 - -4)/f*-68 a composite number?
True
Let b = -5 - -8. Suppose -35*j = -2394 - 1701. Suppose b*t - 120 = j. Is t a composite number?
False
Suppose 3*n - 29596 = -3*y + 29303, 0 = 4*n. Is y a prime number?
False
Suppose -4*m + 14737 = 5093. Is m a prime number?
True
Let p(c) = -2*c - 15. Let x be p(-6). Let u be -35*(2 + x) + -1. Suppose -19 - u = -n. Is n a composite number?
False
Let q(i) = 53*i - 2 - 8 + 5 - 7. Is q(5) prime?
False
Suppose -144*z + 109*z + 2943115 = 0. Is z a prime number?
True
Let d(a) = 238*a - 3. Let j be d(3). Is (-8)/(-12)*1/(3/j) composite?
True
Let u(h) = -h**3 + 4*h**2 - 2*h - 5. Let i be u(3). Let j be (i + -40)/2*3. Is (-5508)/j + (-3)/7 a prime number?
False
Let h(t) = 792*t**2 - 86*t - 357. Is h(-4) composite?
False
Suppose o + 2 = l, -2*o + 24 = 5*l - 0*l. Suppose -h - 3*k + 772 = 0, -o*h - 2*k = -4*h + 1536. Is h composite?
False
Let q(v) = 203*v**3 + 2*v**2 - 9*v + 5. Is q(2) prime?
True
Let q(v) = 2*v**2 + 3*v + 60. Let a be q(11). Let l be ((-120)/5)/(6/44). Let h = a + l. Is h composite?
True
Let s = 10010 + -4803. Is s a composite number?
True
Suppose 0 = -0*u - 5*u - 4*f + 48, -2*f = -2*u + 12. Let s(t) = 8*t**2 - 9*t - 6. Let v be s(u). Is (v/70)/(1/5) composite?
False
Suppose 3*c = -5*q - 146, c = 4*q - 2*c + 106. Let t be (2 - -2)*(-21)/q. Suppose -1359 = -t*i + 2796. Is i prime?
False
Suppose 0 = -95*g + 91*g + 14764. Is g prime?
True
Let j = 1791 + -588. Is j prime?
False
Let s = 3210 + -2024. Suppose s = 4*n - 2*n. Is n a composite number?
False
Let r = 10090 - 2255. Suppose v + 4*v = r. Is v prime?
True
Is 6/(-9)*762096/(-32) a composite number?
False
Is 21/5 + 71/(-355) + 9175 a prime number?
False
Let i be (12 - 16)*6/(-8). Suppose 4*q + w + 281 = 5, i*q + 207 = 3*w. Let k = -43 - q. Is k a prime number?
False
Suppose -96 = -7*a + 3*a. Let f = a + -16. Suppose -f*l = -3*l + 4*b - 5469, 4376 = 4*l + 3*b. Is l a composite number?
False
Let o = 84 + -80. Suppose -3*j + 5*v + 1979 = 6*v, 2*v - o = 0. Is j prime?
True
Let o be -6 + (2 - 0 - 6). Let g = 13 + o. Suppose -g*p + q + 4*q + 1132 = 0, 3*q = -p + 382. Is p a prime number?
True
Let u(m) = -2*m**3 + m**2 + 2*m + 2. Let y be u(-1). Suppose 0 = -2*s - y*b - b + 3358, b = s - 1670. Is s a composite number?
True
Let n(c) be the second derivative of -19*c**3/6 + c**2 + 10*c + 2. Suppose -22 = 4*b - 10. Is n(b) a prime number?
True
Let a(h) = -h**3 + 5*h**2 + 14*h - 44. Is a(6) a composite number?
True
Let b = -62256 + 107809. Is b composite?
False
Suppose -23*z + 29705 = -306026. Is z a prime number?
False
Let c be (-1)/((-8)/2 + 3) - -290. Let r be (0 - -250)*(7 + -5). Let j = r - c. Is j composite?
True
Let f = 97681 - 62870. Is f composite?
True
Let c(f) be the first derivative of 2*f**3/3 - f**2 - 2*f + 2. Let s be c(-2). Let t = s + 23. Is t composite?
True
Suppose -35*r + 44*r - 13887 = 0. Is r composite?
False
Let y(a) = 72*a**3 - 5*a**2 - 9*a + 7. Is y(4) a prime number?
False
Let j = 23284 - 11421. Is j prime?
True
Suppose 2*w - 7 = 1, -3*o - 3*w + 2535 = 0. Is o a prime number?
False
Let o(j) = 195*j**3 - 2*j**2 + 2*j - 3. Let d be (33/(-44))/((-1)/8). Suppose -z - 13 = 3*l, d*l - 3*l = -3*z - 9. Is o(z) prime?
True
Suppose 5*o = -5*c + 13650, 3*c - 3*o - 8946 = -738. Is c composite?
True
Suppose 5*y - 17 = 4*y. Suppose 2*u + 2*q - 6 = -3*u, -10 = -3*u + 2*q. Suppose -3*a - u*a = 5*j - 130, j - 2*a - y = 0. Is j a prime number?
True
Suppose 0 = -5*n + 10. Let k be 158*(-3)/(-6) + n. Is (3/1 - 2) + k composite?
True
Let l(c) = 46*c + 2. Let x be l(4). Suppose -5*f + x = -3*f. Let v = f - 58. Is v prime?
False
Let x be (1*-1 - 0) + 4. Suppose 24*p - 6*p - 1692 = 0. Let g = p + x. Is g a prime number?
True
Suppose -108*g + 106*g = -6226. Is g a composite number?
True
Suppose 0 = -4*m - 3*p + 5087 - 796, -2128 = -2*m + 2*p. Is m a prime number?
True
Suppose -3*k = -10*k + 1316. Let t = k + 17. Is t prime?
False
S